3, 281, 89767
What are the prime factors of 330261674?
2, 165130837
List the prime factors of 1373370408.
2, 3, 2833, 6733
List the prime factors of 53404260.
2, 3, 5, 7, 13, 9781
What are the prime factors of 46508236?
2, 11627059
List the prime factors of 52507605.
3, 5, 271, 12917
What are the prime factors of 852347044?
2, 457, 466273
List the prime factors of 153211599.
3, 17, 109, 9187
List the prime factors of 41848945.
5, 2789, 3001
List the prime factors of 3284090114.
2, 1642045057
What are the prime factors of 290167358?
2, 13, 131, 85193
List the prime factors of 1023053371.
47, 103, 233, 907
List the prime factors of 5037522246.
2, 3, 17, 5487497
What are the prime factors of 847518283?
23, 53, 695257
List the prime factors of 755198379.
3, 13, 37, 43, 4057
What are the prime factors of 3582037041?
3, 11, 43, 2524339
List the prime factors of 1981708756.
2, 59, 1553, 5407
List the prime factors of 36754789.
36754789
What are the prime factors of 43304608?
2, 1353269
List the prime factors of 1223571130.
2, 5, 37, 139, 643
List the prime factors of 3953995938.
2, 3, 73222147
List the prime factors of 266576730.
2, 3, 5, 7, 1269413
List the prime factors of 1276435382.
2, 59, 1511, 7159
List the prime factors of 75056299.
75056299
What are the prime factors of 1038490534?
2, 519245267
List the prime factors of 173551997.
17, 23, 443867
List the prime factors of 154213126.
2, 29, 2658847
What are the prime factors of 343465963?
59, 103, 56519
List the prime factors of 1116188505.
3, 5, 23, 119827
What are the prime factors of 1775417062?
2, 29, 131, 233669
List the prime factors of 44844509.
281, 159589
What are the prime factors of 3785951641?
43, 61, 797, 1811
List the prime factors of 120581238.
2, 3, 17, 83, 14243
List the prime factors of 53691885.
3, 5, 13, 91781
List the prime factors of 1460795253.
3, 486931751
What are the prime factors of 621033541?
621033541
What are the prime factors of 7852889?
11, 31, 23029
List the prime factors of 1380205281.
3, 7, 13, 31, 71, 2297
List the prime factors of 43309345.
5, 23, 376603
What are the prime factors of 118317706?
2, 13, 47, 96823
List the prime factors of 228734629.
29, 37, 213173
What are the prime factors of 208432793?
19, 10970147
List the prime factors of 82165055.
5, 7, 2347573
What are the prime factors of 924059884?
2, 11, 229, 293, 313
What are the prime factors of 84991177?
17, 43, 233, 499
What are the prime factors of 1429234481?
1429234481
What are the prime factors of 1578991221?
3, 41, 653, 6553
What are the prime factors of 39120083?
39120083
What are the prime factors of 1202507413?
23, 52282931
What are the prime factors of 3797446285?
5, 503, 1509919
What are the prime factors of 592018199?
271, 421, 5189
List the prime factors of 62818682.
2, 31409341
List the prime factors of 41805603.
3, 7, 663581
List the prime factors of 45176551.
7, 6453793
List the prime factors of 126014814.
2, 3, 31, 53, 4261
What are the prime factors of 2982638222?
2, 163, 2243, 4079
List the prime factors of 1532198241.
3, 7, 73, 111053
List the prime factors of 18845761.
11, 1713251
List the prime factors of 259346236.
2, 277, 234067
List the prime factors of 53654378.
2, 109, 246121
What are the prime factors of 1325931125?
5, 10607449
List the prime factors of 74141024.
2, 647, 3581
List the prime factors of 48113057.
48113057
What are the prime factors of 107998149?
3, 7, 773, 6653
What are the prime factors of 71956099?
137, 683, 769
What are the prime factors of 336218838?
2, 3, 56036473
List the prime factors of 146657405.
5, 29331481
What are the prime factors of 1865118492?
2, 3, 491, 105517
List the prime factors of 32176966.
2, 16088483
List the prime factors of 514799673.
3, 171599891
What are the prime factors of 461847914?
2, 11, 20993087
What are the prime factors of 3283165589?
11, 47, 89, 71353
List the prime factors of 2673735104.
2, 2671, 15641
List the prime factors of 2159384585.
5, 233, 1853549
What are the prime factors of 28694824?
2, 3586853
List the prime factors of 311001597.
3, 29, 1191577
What are the prime factors of 558653412?
2, 3, 83, 560897
List the prime factors of 89000319.
3, 83, 357431
What are the prime factors of 44515710?
2, 3, 5, 79, 2087
What are the prime factors of 808680195?
3, 5, 17970671
List the prime factors of 645195448.
2, 23, 107, 32771
What are the prime factors of 291150310?
2, 5, 11, 863, 3067
List the prime factors of 75726419.
19, 23, 149, 1163
List the prime factors of 35999310.
2, 3, 5, 827, 1451
List the prime factors of 7399179056.
2, 53, 139, 62773
List the prime factors of 28012034.
2, 31, 37, 12211
List the prime factors of 7320920338.
2, 3660460169
List the prime factors of 81400795.
5, 7, 23, 101119
What are the prime factors of 7370899?
7370899
List the prime factors of 43555038.
2, 3, 41, 101, 1753
What are the prime factors of 264055641?
3, 61, 103, 14009
What are the prime factors of 4000078871?
3181, 1257491
What are the prime factors of 723025379?
723025379
What are the prime factors of 1313989177?
17, 37, 59, 35407
List the prime factors of 59004755.
5, 11800951
List the prime factors of 73133442.
2, 3, 451441
What are the prime factors of 45413304?
2, 3, 29, 71, 919
What are the prime factors of 719638406?
2, 359819203
What are the prime factors of 65169711?
3, 2413693
What are the prime factors of 65539027?
65539027
List the prime factors of 9062076.
2, 3, 755173
List the prime factors of 43680612.
2, 3, 29, 31, 4049
What are the prime factors of 5096493079?
503, 10132193
List the prime factors of 472900438.
2, 236450219
List the prime factors of 321900052.
2, 19, 1381, 3067
List the prime factors of 116478021.
3, 11, 3529637
List the prime factors of 110666174.
2, 109, 149, 3407
What are the prime factors of 54254654?
2, 23, 37, 127, 251
What are the prime factors of 1392034411?
19, 67, 859
What are the prime factors of 337567285?
5, 11, 6137587
What are the prime factors of 160244616?
2, 3, 7, 311, 3067
List the prime factors of 4311361066.
2, 26309, 81937
List the prime factors of 348971544.
2, 3, 263, 6143
List the prime factors of 2649270478.
2, 31, 42730169
What are the prime factors of 365098305?
3, 5, 11, 13, 13093
What are the prime factors of 63150497?
331, 190787
List the prime factors of 698741178.
2, 3, 31, 179, 677
What are the prime factors of 1461329607?
3, 397, 1226977
What are the prime factors of 159715082?
2, 23, 3472067
What are the prime factors of 24094220?
2, 5, 1204711
List the prime factors of 4450581.
3, 499, 991
List the prime factors of 28155748.
2, 7038937
What are the prime factors of 415686914?
2, 207843457
List the prime factors of 9743517.
3, 7, 31, 1663
List the prime factors of 125980576.
2, 53, 59, 1259
List the prime factors of 32371215.
3, 5, 2158081
List the prime factors of 2646005403.
3, 31, 28451671
List the prime factors of 172162417.
7, 17, 1063, 1361
List the prime factors of 51772914.
2, 3, 31, 41, 73
List the prime factors of 358922493.
3, 89, 448093
List the prime factors of 65038099.
7, 449, 20693
What are the prime factors of 109249291?
47, 2324453
List the prime factors of 407323852.
2, 13, 7833151
What are the prime factors of 1356782760?
2, 3, 5, 3768841
List the prime factors of 678823288.
2, 11, 13, 23, 25799
What are the prime factors of 34204701?
3, 41, 278087
List the prime factors of 3015605336.
2, 109, 1213, 2851
List the prime factors of 102185297.
23, 4442839
What are the prime factors of 2566275781?
2566275781
What are the prime factors of 269030333?
11, 13, 23, 157, 521
What are the prime factors of 608795780?
2, 5, 37, 822697
What are the prime factors of 2405467778?
2, 7, 61, 2816707
List the prime factors of 423783340.
2, 5, 2719, 7793
List the prime factors of 31186913.
31186913
What are the prime factors of 30198001?
17, 229, 7757
What are the prime factors of 191238788?
2, 13, 827, 4447
What are the prime factors of 353649484?
2, 88412371
List the prime factors of 6285699646.
2, 17, 127, 1455697
What are the prime factors of 107765298?
2, 3, 5986961
What are the prime factors of 173659068?
2, 3, 11, 438533
What are the prime factors of 60469896?
2, 3, 2519579
List the prime factors of 17701029.
3, 17, 115693
List the prime factors 